{"id":8,"date":"2025-11-05T16:51:02","date_gmt":"2025-11-05T16:51:02","guid":{"rendered":"https:\/\/www.temperatur.nu\/butik\/cart\/"},"modified":"2025-11-08T12:13:51","modified_gmt":"2025-11-08T12:13:51","slug":"kundkorg","status":"publish","type":"page","link":"https:\/\/www.temperatur.nu\/butik\/kundkorg\/","title":{"rendered":"Kundkorg"},"content":{"rendered":"\n<div data-block-name=\"woocommerce\/cart\" class=\"wp-block-woocommerce-cart is-loading\">\n<div data-block-name=\"woocommerce\/filled-cart-block\" class=\"wp-block-woocommerce-filled-cart-block\">\n<div data-block-name=\"woocommerce\/cart-items-block\" class=\"wp-block-woocommerce-cart-items-block\">\n<div data-block-name=\"woocommerce\/cart-line-items-block\" class=\"wp-block-woocommerce-cart-line-items-block\"><\/div>\n\n\n<\/div>\n\n\n\n<div data-block-name=\"woocommerce\/cart-totals-block\" class=\"wp-block-woocommerce-cart-totals-block\">\n<div data-block-name=\"woocommerce\/cart-order-summary-block\" class=\"wp-block-woocommerce-cart-order-summary-block\">\n<div data-block-name=\"woocommerce\/cart-order-summary-heading-block\" data-content=\"Varukorg totalbelopp\" class=\"wp-block-woocommerce-cart-order-summary-heading-block\"><\/div>\n\n\n\n<div data-block-name=\"woocommerce\/cart-order-summary-coupon-form-block\" class=\"wp-block-woocommerce-cart-order-summary-coupon-form-block\"><\/div>\n\n\n\n<div data-block-name=\"woocommerce\/cart-order-summary-totals-block\" class=\"wp-block-woocommerce-cart-order-summary-totals-block\">\n<div data-block-name=\"woocommerce\/cart-order-summary-subtotal-block\" class=\"wp-block-woocommerce-cart-order-summary-subtotal-block\"><\/div>\n\n\n\n<div data-block-name=\"woocommerce\/cart-order-summary-fee-block\" class=\"wp-block-woocommerce-cart-order-summary-fee-block\"><\/div>\n\n\n\n<div data-block-name=\"woocommerce\/cart-order-summary-discount-block\" class=\"wp-block-woocommerce-cart-order-summary-discount-block\"><\/div>\n\n\n\n<div data-block-name=\"woocommerce\/cart-order-summary-shipping-block\" class=\"wp-block-woocommerce-cart-order-summary-shipping-block\"><\/div>\n\n\n\n<div data-block-name=\"woocommerce\/cart-order-summary-taxes-block\" class=\"wp-block-woocommerce-cart-order-summary-taxes-block\"><\/div>\n<\/div>\n<\/div>\n\n\n\n<div data-block-name=\"woocommerce\/cart-express-payment-block\" class=\"wp-block-woocommerce-cart-express-payment-block\"><\/div>\n\n\n\n<div data-block-name=\"woocommerce\/proceed-to-checkout-block\" data-button-label=\"Forts\u00e4tt till kassan\" class=\"wp-block-woocommerce-proceed-to-checkout-block\"><\/div>\n\n\n\n<div data-block-name=\"woocommerce\/cart-accepted-payment-methods-block\" class=\"wp-block-woocommerce-cart-accepted-payment-methods-block\"><\/div>\n<\/div>\n<\/div>\n\n\n\n<div data-block-name=\"woocommerce\/empty-cart-block\" class=\"wp-block-woocommerce-empty-cart-block\">\n<h2 class=\"wp-block-heading has-text-align-center with-empty-cart-icon wc-block-cart__empty-cart__title\">Din kundkorg \u00e4r tom, det \u00e4r tr\u00e5kigt!<\/h2>\n\n\n\n<hr class=\"wp-block-separator has-alpha-channel-opacity is-style-dots\"\/>\n\n\n\n<h2 class=\"wp-block-heading has-text-align-center\">Kolla in dessa produkter<\/h2>\n\n\n<div data-block-name=\"woocommerce\/product-new\" data-columns=\"4\" data-rows=\"1\" class=\"wc-block-grid wp-block-product-new wp-block-woocommerce-product-new wc-block-product-new has-4-columns\"><ul class=\"wc-block-grid__products\"><li class=\"wc-block-grid__product\">\n\t\t\t\t<a href=\"https:\/\/www.temperatur.nu\/butik\/product\/temperatur-nu-reporter-v2-med-robust-kabel\/\" class=\"wc-block-grid__product-link\">\n\t\t\t\t\t\n\t\t\t\t\t<div class=\"wc-block-grid__product-image\"><img loading=\"lazy\" decoding=\"async\" width=\"300\" height=\"300\" src=\"https:\/\/www.temperatur.nu\/butik\/wp-content\/uploads\/2025\/11\/m_punkt_nu_temperaturnu_reporter_v2_-_rapportera_till_temperaturnu-300x300.jpg\" class=\"attachment-woocommerce_thumbnail size-woocommerce_thumbnail\" alt=\"Temperatur.nu Reporter v2 med robust kabel\" srcset=\"https:\/\/www.temperatur.nu\/butik\/wp-content\/uploads\/2025\/11\/m_punkt_nu_temperaturnu_reporter_v2_-_rapportera_till_temperaturnu-300x300.jpg 300w, https:\/\/www.temperatur.nu\/butik\/wp-content\/uploads\/2025\/11\/m_punkt_nu_temperaturnu_reporter_v2_-_rapportera_till_temperaturnu-150x150.jpg 150w, https:\/\/www.temperatur.nu\/butik\/wp-content\/uploads\/2025\/11\/m_punkt_nu_temperaturnu_reporter_v2_-_rapportera_till_temperaturnu-100x100.jpg 100w\" sizes=\"auto, (max-width: 300px) 100vw, 300px\" \/><\/div>\n\t\t\t\t\t<div class=\"wc-block-grid__product-title\">Temperatur.nu Reporter v2 med robust kabel<\/div>\n\t\t\t\t<\/a>\n\t\t\t\t<div class=\"wc-block-grid__product-price price\"><span class=\"woocommerce-Price-amount amount\">949,00&nbsp;<span class=\"woocommerce-Price-currencySymbol\">&#107;&#114;<\/span><\/span> <small class=\"woocommerce-price-suffix\">(inkl. 25% moms)<\/small><\/div>\n\t\t\t\t\n\t\t\t\t<div class=\"wp-block-button wc-block-grid__product-add-to-cart\"><a href=\"https:\/\/www.temperatur.nu\/butik\/product\/temperatur-nu-reporter-v2-med-robust-kabel\/\" aria-label=\"L\u00e4gg till i varukorgen: \u201dTemperatur.nu Reporter v2 med robust kabel\u201d\" data-quantity=\"1\" data-product_id=\"203\" data-product_sku=\"reporterv2-1\" data-price=\"949\" rel=\"nofollow\" class=\"wp-block-button__link  add_to_cart_button\">Select options<\/a><\/div>\n\t\t\t<\/li><li class=\"wc-block-grid__product\">\n\t\t\t\t<a href=\"https:\/\/www.temperatur.nu\/butik\/product\/rj12-forgrening-1-till-2-portar\/\" class=\"wc-block-grid__product-link\">\n\t\t\t\t\t\n\t\t\t\t\t<div class=\"wc-block-grid__product-image\"><img loading=\"lazy\" decoding=\"async\" width=\"300\" height=\"300\" src=\"https:\/\/www.temperatur.nu\/butik\/wp-content\/uploads\/2025\/11\/2025-11-09-14.01.50-scaled-e1762693779234-300x300.jpg\" class=\"attachment-woocommerce_thumbnail size-woocommerce_thumbnail\" alt=\"RJ12-f\u00f6rgrening \u2013 1 till 2 portar\" srcset=\"https:\/\/www.temperatur.nu\/butik\/wp-content\/uploads\/2025\/11\/2025-11-09-14.01.50-scaled-e1762693779234-300x300.jpg 300w, https:\/\/www.temperatur.nu\/butik\/wp-content\/uploads\/2025\/11\/2025-11-09-14.01.50-scaled-e1762693779234-150x150.jpg 150w, https:\/\/www.temperatur.nu\/butik\/wp-content\/uploads\/2025\/11\/2025-11-09-14.01.50-scaled-e1762693779234-100x100.jpg 100w\" sizes=\"auto, (max-width: 300px) 100vw, 300px\" \/><\/div>\n\t\t\t\t\t<div class=\"wc-block-grid__product-title\">RJ12-f\u00f6rgrening \u2013 1 till 2 portar<\/div>\n\t\t\t\t<\/a>\n\t\t\t\t<div class=\"wc-block-grid__product-price price\"><span class=\"woocommerce-Price-amount amount\">39,00&nbsp;<span class=\"woocommerce-Price-currencySymbol\">&#107;&#114;<\/span><\/span> <small class=\"woocommerce-price-suffix\">(inkl. 25% moms)<\/small><\/div>\n\t\t\t\t\n\t\t\t\t<div class=\"wp-block-button wc-block-grid__product-add-to-cart\"><a href=\"\/butik\/wp-json\/wp\/v2\/pages\/8?add-to-cart=154\" aria-label=\"L\u00e4gg till i varukorgen: \u201dRJ12-f\u00f6rgrening \u2013 1 till 2 portar\u201d\" data-quantity=\"1\" data-product_id=\"154\" data-product_sku=\"rj12-split\" data-price=\"39\" rel=\"nofollow\" class=\"wp-block-button__link  add_to_cart_button ajax_add_to_cart\">L\u00e4gg till i varukorg<\/a><\/div>\n\t\t\t<\/li><li class=\"wc-block-grid__product\">\n\t\t\t\t<a href=\"https:\/\/www.temperatur.nu\/butik\/product\/specialanpassade-temperatursensorer\/\" class=\"wc-block-grid__product-link\">\n\t\t\t\t\t\n\t\t\t\t\t<div class=\"wc-block-grid__product-image\"><img loading=\"lazy\" decoding=\"async\" width=\"300\" height=\"300\" src=\"https:\/\/www.temperatur.nu\/butik\/wp-content\/uploads\/2025\/11\/2021-10-12-20.41.28-300x300.jpg\" class=\"attachment-woocommerce_thumbnail size-woocommerce_thumbnail\" alt=\"Specialdesignade temperatursensorer\" srcset=\"https:\/\/www.temperatur.nu\/butik\/wp-content\/uploads\/2025\/11\/2021-10-12-20.41.28-300x300.jpg 300w, https:\/\/www.temperatur.nu\/butik\/wp-content\/uploads\/2025\/11\/2021-10-12-20.41.28-150x150.jpg 150w, https:\/\/www.temperatur.nu\/butik\/wp-content\/uploads\/2025\/11\/2021-10-12-20.41.28-100x100.jpg 100w\" sizes=\"auto, (max-width: 300px) 100vw, 300px\" \/><\/div>\n\t\t\t\t\t<div class=\"wc-block-grid__product-title\">Specialanpassade temperatursensorer<\/div>\n\t\t\t\t<\/a>\n\t\t\t\t<div class=\"wc-block-grid__product-price price\"><\/div>\n\t\t\t\t\n\t\t\t\t<div class=\"wp-block-button wc-block-grid__product-add-to-cart\"><a href=\"https:\/\/www.temperatur.nu\/butik\/product\/specialanpassade-temperatursensorer\/\" aria-label=\"L\u00e4s mer om \u201dSpecialanpassade temperatursensorer\u201d\" data-quantity=\"1\" data-product_id=\"148\" data-product_sku=\"\" data-price=\"0\" rel=\"nofollow\" class=\"wp-block-button__link  add_to_cart_button\">L\u00e4s mer<\/a><\/div>\n\t\t\t<\/li><li class=\"wc-block-grid__product\">\n\t\t\t\t<a href=\"https:\/\/www.temperatur.nu\/butik\/product\/wemos-lolin-d1-mini-v4-0\/\" class=\"wc-block-grid__product-link\">\n\t\t\t\t\t\n\t\t\t\t\t<div class=\"wc-block-grid__product-image\"><img loading=\"lazy\" decoding=\"async\" width=\"300\" height=\"300\" src=\"https:\/\/www.temperatur.nu\/butik\/wp-content\/uploads\/2025\/11\/wemoslolind1miniv40-300x300.png\" class=\"attachment-woocommerce_thumbnail size-woocommerce_thumbnail\" alt=\"Wemos\/Lolin D1 Mini v4.0\" srcset=\"https:\/\/www.temperatur.nu\/butik\/wp-content\/uploads\/2025\/11\/wemoslolind1miniv40-300x300.png 300w, https:\/\/www.temperatur.nu\/butik\/wp-content\/uploads\/2025\/11\/wemoslolind1miniv40-150x150.png 150w, https:\/\/www.temperatur.nu\/butik\/wp-content\/uploads\/2025\/11\/wemoslolind1miniv40-768x768.png 768w, https:\/\/www.temperatur.nu\/butik\/wp-content\/uploads\/2025\/11\/wemoslolind1miniv40-600x600.png 600w, https:\/\/www.temperatur.nu\/butik\/wp-content\/uploads\/2025\/11\/wemoslolind1miniv40-100x100.png 100w, https:\/\/www.temperatur.nu\/butik\/wp-content\/uploads\/2025\/11\/wemoslolind1miniv40.png 1000w\" sizes=\"auto, (max-width: 300px) 100vw, 300px\" \/><\/div>\n\t\t\t\t\t<div class=\"wc-block-grid__product-title\">Wemos\/Lolin D1 Mini v4.0<\/div>\n\t\t\t\t<\/a>\n\t\t\t\t<div class=\"wc-block-grid__product-price price\"><span class=\"woocommerce-Price-amount amount\">45,00&nbsp;<span class=\"woocommerce-Price-currencySymbol\">&#107;&#114;<\/span><\/span> <small class=\"woocommerce-price-suffix\">(inkl. 25% moms)<\/small><\/div>\n\t\t\t\t\n\t\t\t\t<div class=\"wp-block-button wc-block-grid__product-add-to-cart\"><a href=\"https:\/\/www.temperatur.nu\/butik\/product\/wemos-lolin-d1-mini-v4-0\/\" aria-label=\"L\u00e4s mer om \u201dWemos\/Lolin D1 Mini v4.0\u201d\" data-quantity=\"1\" data-product_id=\"116\" data-product_sku=\"d1_mini_v4\" data-price=\"45\" rel=\"nofollow\" class=\"wp-block-button__link  add_to_cart_button\">L\u00e4s mer<\/a><\/div>\n\t\t\t<\/li><\/ul><\/div><\/div>\n<\/div>\n","protected":false},"excerpt":{"rendered":"","protected":false},"author":1,"featured_media":0,"parent":0,"menu_order":10,"comment_status":"closed","ping_status":"closed","template":"","meta":{"site-sidebar-layout":"default","site-content-layout":"","ast-site-content-layout":"default","site-content-style":"default","site-sidebar-style":"default","ast-global-header-display":"","ast-banner-title-visibility":"","ast-main-header-display":"","ast-hfb-above-header-display":"","ast-hfb-below-header-display":"","ast-hfb-mobile-header-display":"","site-post-title":"","ast-breadcrumbs-content":"","ast-featured-img":"","footer-sml-layout":"","theme-transparent-header-meta":"","adv-header-id-meta":"","stick-header-meta":"","header-above-stick-meta":"","header-main-stick-meta":"","header-below-stick-meta":"","astra-migrate-meta-layouts":"default","ast-page-background-enabled":"default","ast-page-background-meta":{"desktop":{"background-color":"var(--ast-global-color-5)","background-image":"","background-repeat":"repeat","background-position":"center center","background-size":"auto","background-attachment":"scroll","background-type":"","background-media":"","overlay-type":"","overlay-color":"","overlay-opacity":"","overlay-gradient":""},"tablet":{"background-color":"","background-image":"","background-repeat":"repeat","background-position":"center center","background-size":"auto","background-attachment":"scroll","background-type":"","background-media":"","overlay-type":"","overlay-color":"","overlay-opacity":"","overlay-gradient":""},"mobile":{"background-color":"","background-image":"","background-repeat":"repeat","background-position":"center center","background-size":"auto","background-attachment":"scroll","background-type":"","background-media":"","overlay-type":"","overlay-color":"","overlay-opacity":"","overlay-gradient":""}},"ast-content-background-meta":{"desktop":{"background-color":"var(--ast-global-color-4)","background-image":"","background-repeat":"repeat","background-position":"center center","background-size":"auto","background-attachment":"scroll","background-type":"","background-media":"","overlay-type":"","overlay-color":"","overlay-opacity":"","overlay-gradient":""},"tablet":{"background-color":"var(--ast-global-color-4)","background-image":"","background-repeat":"repeat","background-position":"center center","background-size":"auto","background-attachment":"scroll","background-type":"","background-media":"","overlay-type":"","overlay-color":"","overlay-opacity":"","overlay-gradient":""},"mobile":{"background-color":"var(--ast-global-color-4)","background-image":"","background-repeat":"repeat","background-position":"center center","background-size":"auto","background-attachment":"scroll","background-type":"","background-media":"","overlay-type":"","overlay-color":"","overlay-opacity":"","overlay-gradient":""}},"footnotes":""},"class_list":["post-8","page","type-page","status-publish","hentry"],"yoast_head":"<!-- This site is optimized with the Yoast SEO plugin v27.4 - https:\/\/yoast.com\/product\/yoast-seo-wordpress\/ -->\n<title>Kundkorg -<\/title>\n<meta name=\"robots\" content=\"index, follow, max-snippet:-1, max-image-preview:large, max-video-preview:-1\" \/>\n<link rel=\"canonical\" href=\"https:\/\/www.temperatur.nu\/butik\/kundkorg\/\" \/>\n<meta property=\"og:locale\" content=\"sv_SE\" \/>\n<meta property=\"og:type\" content=\"article\" \/>\n<meta property=\"og:title\" content=\"Kundkorg -\" \/>\n<meta property=\"og:url\" content=\"https:\/\/www.temperatur.nu\/butik\/kundkorg\/\" \/>\n<meta property=\"article:publisher\" content=\"https:\/\/www.facebook.com\/temperatur.nu\" \/>\n<meta property=\"article:modified_time\" content=\"2025-11-08T12:13:51+00:00\" \/>\n<meta property=\"og:image\" content=\"https:\/\/www.temperatur.nu\/butik\/wp-content\/uploads\/2025\/11\/m_punkt_nu_temperaturnu_reporter_v2_-_rapportera_till_temperaturnu.jpg\" \/>\n\t<meta property=\"og:image:width\" content=\"1000\" \/>\n\t<meta property=\"og:image:height\" content=\"664\" \/>\n\t<meta property=\"og:image:type\" content=\"image\/jpeg\" \/>\n<meta name=\"twitter:card\" content=\"summary_large_image\" \/>\n<script type=\"application\/ld+json\" class=\"yoast-schema-graph\">{\"@context\":\"https:\\\/\\\/schema.org\",\"@graph\":[{\"@type\":\"WebPage\",\"@id\":\"https:\\\/\\\/www.temperatur.nu\\\/butik\\\/kundkorg\\\/\",\"url\":\"https:\\\/\\\/www.temperatur.nu\\\/butik\\\/kundkorg\\\/\",\"name\":\"Kundkorg -\",\"isPartOf\":{\"@id\":\"https:\\\/\\\/www.temperatur.nu\\\/butik\\\/#website\"},\"datePublished\":\"2025-11-05T16:51:02+00:00\",\"dateModified\":\"2025-11-08T12:13:51+00:00\",\"breadcrumb\":{\"@id\":\"https:\\\/\\\/www.temperatur.nu\\\/butik\\\/kundkorg\\\/#breadcrumb\"},\"inLanguage\":\"sv-SE\",\"potentialAction\":[{\"@type\":\"ReadAction\",\"target\":[\"https:\\\/\\\/www.temperatur.nu\\\/butik\\\/kundkorg\\\/\"]}]},{\"@type\":\"BreadcrumbList\",\"@id\":\"https:\\\/\\\/www.temperatur.nu\\\/butik\\\/kundkorg\\\/#breadcrumb\",\"itemListElement\":[{\"@type\":\"ListItem\",\"position\":1,\"name\":\"Hem\",\"item\":\"https:\\\/\\\/www.temperatur.nu\\\/butik\\\/\"},{\"@type\":\"ListItem\",\"position\":2,\"name\":\"Kundkorg\"}]},{\"@type\":\"WebSite\",\"@id\":\"https:\\\/\\\/www.temperatur.nu\\\/butik\\\/#website\",\"url\":\"https:\\\/\\\/www.temperatur.nu\\\/butik\\\/\",\"name\":\"Temperatur.nu\\\/butik\",\"description\":\"Tar tempen p\u00e5 Sverige!\",\"publisher\":{\"@id\":\"https:\\\/\\\/www.temperatur.nu\\\/butik\\\/#organization\"},\"potentialAction\":[{\"@type\":\"SearchAction\",\"target\":{\"@type\":\"EntryPoint\",\"urlTemplate\":\"https:\\\/\\\/www.temperatur.nu\\\/butik\\\/?s={search_term_string}\"},\"query-input\":{\"@type\":\"PropertyValueSpecification\",\"valueRequired\":true,\"valueName\":\"search_term_string\"}}],\"inLanguage\":\"sv-SE\"},{\"@type\":\"Organization\",\"@id\":\"https:\\\/\\\/www.temperatur.nu\\\/butik\\\/#organization\",\"name\":\"Temperatur.nu\",\"url\":\"https:\\\/\\\/www.temperatur.nu\\\/butik\\\/\",\"logo\":{\"@type\":\"ImageObject\",\"inLanguage\":\"sv-SE\",\"@id\":\"https:\\\/\\\/www.temperatur.nu\\\/butik\\\/#\\\/schema\\\/logo\\\/image\\\/\",\"url\":\"https:\\\/\\\/www.temperatur.nu\\\/butik\\\/wp-content\\\/uploads\\\/2025\\\/11\\\/Temperatur-Logotyp.png\",\"contentUrl\":\"https:\\\/\\\/www.temperatur.nu\\\/butik\\\/wp-content\\\/uploads\\\/2025\\\/11\\\/Temperatur-Logotyp.png\",\"width\":1772,\"height\":414,\"caption\":\"Temperatur.nu\"},\"image\":{\"@id\":\"https:\\\/\\\/www.temperatur.nu\\\/butik\\\/#\\\/schema\\\/logo\\\/image\\\/\"},\"sameAs\":[\"https:\\\/\\\/www.facebook.com\\\/temperatur.nu\"]}]}<\/script>\n<!-- \/ Yoast SEO plugin. -->","yoast_head_json":{"title":"Kundkorg -","robots":{"index":"index","follow":"follow","max-snippet":"max-snippet:-1","max-image-preview":"max-image-preview:large","max-video-preview":"max-video-preview:-1"},"canonical":"https:\/\/www.temperatur.nu\/butik\/kundkorg\/","og_locale":"sv_SE","og_type":"article","og_title":"Kundkorg -","og_url":"https:\/\/www.temperatur.nu\/butik\/kundkorg\/","article_publisher":"https:\/\/www.facebook.com\/temperatur.nu","article_modified_time":"2025-11-08T12:13:51+00:00","og_image":[{"width":1000,"height":664,"url":"https:\/\/www.temperatur.nu\/butik\/wp-content\/uploads\/2025\/11\/m_punkt_nu_temperaturnu_reporter_v2_-_rapportera_till_temperaturnu.jpg","type":"image\/jpeg"}],"twitter_card":"summary_large_image","schema":{"@context":"https:\/\/schema.org","@graph":[{"@type":"WebPage","@id":"https:\/\/www.temperatur.nu\/butik\/kundkorg\/","url":"https:\/\/www.temperatur.nu\/butik\/kundkorg\/","name":"Kundkorg -","isPartOf":{"@id":"https:\/\/www.temperatur.nu\/butik\/#website"},"datePublished":"2025-11-05T16:51:02+00:00","dateModified":"2025-11-08T12:13:51+00:00","breadcrumb":{"@id":"https:\/\/www.temperatur.nu\/butik\/kundkorg\/#breadcrumb"},"inLanguage":"sv-SE","potentialAction":[{"@type":"ReadAction","target":["https:\/\/www.temperatur.nu\/butik\/kundkorg\/"]}]},{"@type":"BreadcrumbList","@id":"https:\/\/www.temperatur.nu\/butik\/kundkorg\/#breadcrumb","itemListElement":[{"@type":"ListItem","position":1,"name":"Hem","item":"https:\/\/www.temperatur.nu\/butik\/"},{"@type":"ListItem","position":2,"name":"Kundkorg"}]},{"@type":"WebSite","@id":"https:\/\/www.temperatur.nu\/butik\/#website","url":"https:\/\/www.temperatur.nu\/butik\/","name":"Temperatur.nu\/butik","description":"Tar tempen p\u00e5 Sverige!","publisher":{"@id":"https:\/\/www.temperatur.nu\/butik\/#organization"},"potentialAction":[{"@type":"SearchAction","target":{"@type":"EntryPoint","urlTemplate":"https:\/\/www.temperatur.nu\/butik\/?s={search_term_string}"},"query-input":{"@type":"PropertyValueSpecification","valueRequired":true,"valueName":"search_term_string"}}],"inLanguage":"sv-SE"},{"@type":"Organization","@id":"https:\/\/www.temperatur.nu\/butik\/#organization","name":"Temperatur.nu","url":"https:\/\/www.temperatur.nu\/butik\/","logo":{"@type":"ImageObject","inLanguage":"sv-SE","@id":"https:\/\/www.temperatur.nu\/butik\/#\/schema\/logo\/image\/","url":"https:\/\/www.temperatur.nu\/butik\/wp-content\/uploads\/2025\/11\/Temperatur-Logotyp.png","contentUrl":"https:\/\/www.temperatur.nu\/butik\/wp-content\/uploads\/2025\/11\/Temperatur-Logotyp.png","width":1772,"height":414,"caption":"Temperatur.nu"},"image":{"@id":"https:\/\/www.temperatur.nu\/butik\/#\/schema\/logo\/image\/"},"sameAs":["https:\/\/www.facebook.com\/temperatur.nu"]}]}},"_links":{"self":[{"href":"https:\/\/www.temperatur.nu\/butik\/wp-json\/wp\/v2\/pages\/8","targetHints":{"allow":["GET"]}}],"collection":[{"href":"https:\/\/www.temperatur.nu\/butik\/wp-json\/wp\/v2\/pages"}],"about":[{"href":"https:\/\/www.temperatur.nu\/butik\/wp-json\/wp\/v2\/types\/page"}],"author":[{"embeddable":true,"href":"https:\/\/www.temperatur.nu\/butik\/wp-json\/wp\/v2\/users\/1"}],"replies":[{"embeddable":true,"href":"https:\/\/www.temperatur.nu\/butik\/wp-json\/wp\/v2\/comments?post=8"}],"version-history":[{"count":4,"href":"https:\/\/www.temperatur.nu\/butik\/wp-json\/wp\/v2\/pages\/8\/revisions"}],"predecessor-version":[{"id":129,"href":"https:\/\/www.temperatur.nu\/butik\/wp-json\/wp\/v2\/pages\/8\/revisions\/129"}],"wp:attachment":[{"href":"https:\/\/www.temperatur.nu\/butik\/wp-json\/wp\/v2\/media?parent=8"}],"curies":[{"name":"wp","href":"https:\/\/api.w.org\/{rel}","templated":true}]}}